{"id":137,"date":"2023-12-21T21:22:55","date_gmt":"2023-12-21T20:22:55","guid":{"rendered":"https:\/\/ginro.xyz\/?page_id=137"},"modified":"2025-08-24T22:15:01","modified_gmt":"2025-08-24T20:15:01","slug":"bio","status":"publish","type":"page","link":"https:\/\/ginro.xyz\/index.php\/bio\/","title":{"rendered":"Bio"},"content":{"rendered":"\t\t<div data-elementor-type=\"wp-page\" data-elementor-id=\"137\" class=\"elementor elementor-137\">\n\t\t\t\t<div class=\"elementor-element elementor-element-08c10c1 e-flex e-con-boxed e-con e-parent\" data-id=\"08c10c1\" data-element_type=\"container\" data-e-type=\"container\">\n\t\t\t\t\t<div class=\"e-con-inner\">\n\t\t<div class=\"elementor-element elementor-element-e80071d e-con-full e-flex e-con e-child\" data-id=\"e80071d\" data-element_type=\"container\" data-e-type=\"container\">\n\t\t\t\t<\/div>\n\t\t<div class=\"elementor-element elementor-element-e6ee4a1 e-con-full e-flex e-con e-child\" data-id=\"e6ee4a1\" data-element_type=\"container\" data-e-type=\"container\">\n\t\t\t\t<div class=\"elementor-element elementor-element-81db005 elementor-widget elementor-widget-text-editor\" data-id=\"81db005\" data-element_type=\"widget\" data-e-type=\"widget\" data-widget_type=\"text-editor.default\">\n\t\t\t\t<div class=\"elementor-widget-container\">\n\t\t\t\t\t\t\t\t\t<p><strong>Gin Ro (CDMX, 1986)<\/strong><\/p><p>\u00a0<\/p><p>Artista visual e investigadora. Su pr\u00e1ctica explora los procesos de transformaci\u00f3n de la identidad atravesados por contextos sociales, econ\u00f3micos e hist\u00f3ricos, con una mirada cr\u00edtica desde el pensamiento feminista decolonial. A trav\u00e9s de la imagen entrelazando desde la experimentaci\u00f3n con t\u00e9cnicas manuales y materiales org\u00e1nicos, construye relatos visuales que interrogan los legados coloniales, la globalizaci\u00f3n, y las narrativas de poder inscritas en los cuerpos y los territorios.<\/p><div>\u00a0<\/div><div>\u00a0<\/div><div>\u00a0<\/div>\t\t\t\t\t\t\t\t<\/div>\n\t\t\t\t<\/div>\n\t\t\t\t<\/div>\n\t\t<div class=\"elementor-element elementor-element-112bcf4 e-con-full e-flex e-con e-child\" data-id=\"112bcf4\" data-element_type=\"container\" data-e-type=\"container\">\n\t\t\t\t<div class=\"elementor-element elementor-element-2e6e7b3 elementor-widget elementor-widget-image\" data-id=\"2e6e7b3\" data-element_type=\"widget\" data-e-type=\"widget\" data-widget_type=\"image.default\">\n\t\t\t\t<div class=\"elementor-widget-container\">\n\t\t\t\t\t\t\t\t\t\t\t\t\t\t\t<img decoding=\"async\" src=\"https:\/\/ginro.xyz\/wp-content\/uploads\/2024\/01\/GIin_Ro-scaled.jpg\" title=\"GIin_Ro\" alt=\"GIin_Ro\" loading=\"lazy\" \/>\t\t\t\t\t\t\t\t\t\t\t\t\t\t\t<\/div>\n\t\t\t\t<\/div>\n\t\t\t\t<\/div>\n\t\t\t\t\t<\/div>\n\t\t\t\t<\/div>\n\t\t<div class=\"elementor-element elementor-element-2398caf e-flex e-con-boxed e-con e-parent\" data-id=\"2398caf\" data-element_type=\"container\" data-e-type=\"container\">\n\t\t\t\t\t<div class=\"e-con-inner\">\n\t\t<div class=\"elementor-element elementor-element-46b49c8 e-con-full e-flex e-con e-child\" data-id=\"46b49c8\" data-element_type=\"container\" data-e-type=\"container\">\n\t\t\t\t<\/div>\n\t\t<div class=\"elementor-element elementor-element-51d25ea e-con-full e-flex e-con e-child\" data-id=\"51d25ea\" data-element_type=\"container\" data-e-type=\"container\">\n\t\t\t\t<div class=\"elementor-element elementor-element-6ffbc45 elementor-widget__width-initial elementor-widget elementor-widget-text-editor\" data-id=\"6ffbc45\" data-element_type=\"widget\" data-e-type=\"widget\" data-widget_type=\"text-editor.default\">\n\t\t\t\t<div class=\"elementor-widget-container\">\n\t\t\t\t\t\t\t\t\t<p><strong>Educaci\u00f3n<\/strong><br \/>2020\/22 Maestr\u00eda de Artes Visuales (pasante).Especialidad en Fotograf\u00eda. Universidad Nacional Aut\u00f3noma de M\u00e9xico (CDMX, M\u00e9xico)<br \/>2017\/18 M\u00e1ster en Fotograf\u00eda Contempor\u00e1nea y Proyectos Personales. EFTI (Madrid, Espa\u00f1a)<br \/>2004\/08 Licenciatura en Dise\u00f1o Industrial. Universidad Aut\u00f3noma Metropolitana- Xochimilco.(CDMX, M\u00e9xico)<br \/><strong>Exposiciones Individuales<\/strong><br \/>2024 Desembocadura incierta en d\u00fao con Gari Arambarri. Bulegoa B\/Z (Bilbao, Espa\u00f1a)<br \/>2023 El otro lado del Jard\u00edn. Texto curatorial de Julia Cabrera. Arte Actual- FLACSO (Quito, Ecuador)<br \/>2022 Esquejes. Desplazamientos latinoamericanos. Embajada de M\u00e9xico en Espa\u00f1a (Madrid, Espa\u00f1a)<br \/>2022 Oro Rojo. Centro de Arte la Regenta (Gran Canaria, Espa\u00f1a)<br \/>2022 El otro lado del Jard\u00edn. Texto de Alba Rodr\u00edguez. Fundaci\u00f3n BilbaoArte Fundazioa (Bilbao, Espa\u00f1a)<br \/><strong>Exposiciones Colectivas<\/strong><br \/>2025 Paisaia. Curadur\u00eda Gerezi Jauregi. Ur Mara Museoa (Guip\u00fazcoa, Espa\u00f1a)<br \/>2024 Lazos. Freezer Festival Internacional Fotograf\u00eda (La Plata, Argentina)<br \/>2024 Lazos \u201cPuente entre dos territorios\u201d. Gimnasio De Arte (CDMX, M\u00e9xico)<br \/>2024 Maniobras de respiraci\u00f3n para transitar el desaliento. Dispositivo de apoyo: Catalina Urtubey e Isabel Deheza. Lolita Pank (CDMX, M\u00e9xico)<br \/>2024 Migraci\u00f3n y cultura. Curada por Dagmary Ol\u00edvar. Museo de Antropolog\u00eda (Madrid, Espa\u00f1a)<br \/>2024 Puc\u00f3n Fotos Fest. Curada por Domingo Fern\u00e1ndez (Puc\u00f3n, Chile)<br \/>2024 Te Prens\u00e9 Entre hojas. Curada por Emily Sun y Benia Nsi Ngua. Sala de Arte Joven. (Madrid, Espa\u00f1a)<br \/>2023 Intesticios IV. Memorias, ancestralidades y ritualidad. Curada por Silvia Morroy. La Parcer\u00eda (Madrid, Espa\u00f1a)<br \/>2023 XX Bienal de fotograf\u00eda \u201dNo m\u00e1s mundos por descubrir\u201d. Curada por Carmen Cebreros. Centro de la Imagen (CDMX, M\u00e9xico)<br \/>2023 Photographs Are Never For Ever. Curada por Gal Wasch. Experimental Photo Festival (Virtual)<br \/>2022 Art Emergent Sabadell 2022. Acad\u00e8mia de Belles Arts de Sabadell (Cataluya, Espa\u00f1a)<br \/>2022 Festival de Fot\u00f3grafas BAFFEST 2022 Barakaldo (Bilbao, Espa\u00f1a)<br \/>2021 Puertas Abiertas BilbaoArte Fundaci\u00f3n en BilbaoArte Fundazioa Bilbao (Bilbao, Espa\u00f1a)<br \/>2019 Experiencias Di\u00e1sporicas. Activaciones Anticoloniales en C.R.A.Matadero (Madrid, Espa\u00f1a)<br \/>2018 El sue\u00f1o del Arquitecto. EFTI, Madrid (Madrid, Espa\u00f1a)<\/p>\t\t\t\t\t\t\t\t<\/div>\n\t\t\t\t<\/div>\n\t\t\t\t<\/div>\n\t\t\t\t\t<\/div>\n\t\t\t\t<\/div>\n\t\t<div class=\"elementor-element elementor-element-61b8477 e-flex e-con-boxed e-con e-parent\" data-id=\"61b8477\" data-element_type=\"container\" data-e-type=\"container\">\n\t\t\t\t\t<div class=\"e-con-inner\">\n\t\t<div class=\"elementor-element elementor-element-4c0d668 e-con-full e-flex e-con e-child\" data-id=\"4c0d668\" data-element_type=\"container\" data-e-type=\"container\">\n\t\t\t\t<\/div>\n\t\t<div class=\"elementor-element elementor-element-97dc7c8 e-con-full e-flex e-con e-child\" data-id=\"97dc7c8\" data-element_type=\"container\" data-e-type=\"container\">\n\t\t\t\t<div class=\"elementor-element elementor-element-8bb7580 elementor-widget__width-initial elementor-widget elementor-widget-text-editor\" data-id=\"8bb7580\" data-element_type=\"widget\" data-e-type=\"widget\" data-widget_type=\"text-editor.default\">\n\t\t\t\t<div class=\"elementor-widget-container\">\n\t\t\t\t\t\t\t\t\t<p><strong>Residencias artisticas<\/strong><br \/>2024 Residencia artistica por invitaci\u00f3n, en d\u00fao a Gari Aranbarri, en Bulegoa z\/B (Bilbao, Espa\u00f1a)<br \/>2022 Residencia \u201cRouvrir le Mode\u201d de La Direction Regionale des Arts et de la Culture, en Duo (Francia)<br \/>2022 Residencia internacional, Centro de Arte la Regenta (Gran Canaria, Espa\u00f1a)<br \/>2021 Beca de cesi\u00f3n de estudio 2021 Fundaci\u00f3n BilbaoArte Fundazioa (Bilbao, Espa\u00f1a)<br \/>2019 Programa Orientado a Pr\u00e1cticas Subalternas (P.O.P.S). Colectivo Ally\u00fa y CRA Matadero (Madrid, Espa\u00f1a)<br \/><strong>Becas\/Premios<\/strong><br \/>2024 Residencia artistica por invitaci\u00f3n, en d\u00fao a Gari Aranbarri, en Bulegoa z\/B (Bilbao, Espa\u00f1a)<br \/>2023 Selecci\u00f3n a la XX Bienal de Fotograf\u00eda, Centro de la imagen (CDMX. M\u00e9xico)<br \/>2023 Selecci\u00f3n Exposici\u00f3n individual Arte Actual- FLACSO (Quito, Ecuador)<br \/>2022 Residencia \u201cRouvrir le Mode\u201d de La Direction Regionale des Arts et de la Culture, en Duo (Forcalquier, Francia)<br \/>2022 Residencia internacional, Centro de Arte la Regenta (Gran Canaria, Espa\u00f1a)<br \/>2022 Finalista Festival de Fot\u00f3grafas BAFFEST 2022 en Barakaldo (Bilbao, Espa\u00f1a)<br \/>2021 Selecci\u00f3n de Exposiciones individuales 2022 Fundaci\u00f3n BilbaoArte Fundazioa (Bilbao, Espa\u00f1a)<br \/>2021 Beca de cesi\u00f3n de estudio 2021 Fundaci\u00f3n BilbaoArte Fundazioa (Bilbao, Espa\u00f1a)<br \/>2017 Menci\u00f3n de Honor en la Beca Roberto Villagraz EFTI (Madrid, Espa\u00f1a)<br \/><strong>Publicaciones y otros<\/strong><br \/>2025 Revista Va#5. (Valencia, Espa\u00f1a)<br \/>2024 Ciclo de exposiciones artistas en los Intersticios 2023. Madrid: La Parcer\u00eda Edita (p.190, 191 y 260)<br \/>2024 Cuadernillo Foto Septiembre 2024,M\u00e9xico: Secretar\u00eda de Cultura Centro de la Imagen (p. 14)<br \/>2024 Cat\u00e1logo \u201cTe Prens\u00e9 Entre hojas\u201d. Digital. Comunidad de Madrid.(p. 15-21)<br \/>2024 Cat\u00e1logo XX Bienal de Fotograf\u00eda. M\u00e9xico: Secretar\u00eda de Cultura Centro de la Imagen.( p. 66-69)<br \/>2023 Cuadernillo 32. M\u00e9xico: Secretar\u00eda de Cultura Centro de la Imagen (p. 14)<br \/>2023 Welcome to the parking. Segunda edici\u00f3n, Auto-publicaci\u00f3n.<br \/>2022 Cat\u00e1logo El Otro lado del Jard\u00edn\/ Gin Ro, Editado por Fundaci\u00f3n BilbaoArteFundazioa.<br \/>2022 Anuario Fundaci\u00f3n BilbaoArte Fundazioa 2022, Fundaci\u00f3n BilbaoArte Fundazioa (p.93-96)<br \/>2021 Anuario Fundaci\u00f3n BilbaoArte Fundazioa 2021, Fundaci\u00f3n BilbaoArte Fundazioa.(p.212-213)<br \/>2018 Welcome to the parking.Auto-publicaci\u00f3n.<br \/>2017 Interviniendo la Ciudad Alterna. Revista Asunto Urbano #5 (p.20-21)<br \/><strong>Colecciones<\/strong><br \/>Fundaci\u00f3n BilbaoArte Fundazioa Bilbao.<br \/><strong>Cursos<\/strong><br \/>2024 Miradas anticoloniales\/ Contranarrativas (online)<br \/>2024 Biodegradable Darkroom Workshop\/ Curioso Laboratorio (online)<br \/>2022 Curso de telar plano\/ Mar\u00eda Zubizarreta (Bilbao)<br \/>2020 Woman- Make Cine experimental. Master Lav (Madrid)<br \/>2019 After-Nature. Inlad, CAR. (Madrid)<br \/>2018\/19 Programa Orientado a Pr\u00e1cticas Subalternas (P.O.P.S). Coordinado por Colectivo Ally\u00fa CRA Matadero (Madrid)<br \/>2016 Cursos de Incubadora de Fotolibros. Hydra (CDMX)<br \/>2015\/16 Diplomado de Nueva Fotograf\u00eda Documental. Gimnasio de Arte (CD.MX)<br \/>2015 Diplomado en Teor\u00eda y cr\u00edtica de Arte contempor\u00e1neo. FAD UNAM (CD.MX)<br \/>2014 Diplomado Integral de estudios en fotograf\u00eda. Centro ADM (CD.MX<\/p>\t\t\t\t\t\t\t\t<\/div>\n\t\t\t\t<\/div>\n\t\t\t\t<\/div>\n\t\t\t\t\t<\/div>\n\t\t\t\t<\/div>\n\t\t<div class=\"elementor-element elementor-element-5952b2e e-flex e-con-boxed e-con e-parent\" data-id=\"5952b2e\" data-element_type=\"container\" data-e-type=\"container\">\n\t\t\t\t\t<div class=\"e-con-inner\">\n\t\t<div class=\"elementor-element elementor-element-9f64a04 e-con-full e-flex e-con e-child\" data-id=\"9f64a04\" data-element_type=\"container\" data-e-type=\"container\">\n\t\t\t\t<\/div>\n\t\t<div class=\"elementor-element elementor-element-d3facf9 e-con-full e-flex e-con e-child\" data-id=\"d3facf9\" data-element_type=\"container\" data-e-type=\"container\">\n\t\t\t\t<div class=\"elementor-element elementor-element-09f8240 elementor-widget__width-initial elementor-widget elementor-widget-text-editor\" data-id=\"09f8240\" data-element_type=\"widget\" data-e-type=\"widget\" data-widget_type=\"text-editor.default\">\n\t\t\t\t<div class=\"elementor-widget-container\">\n\t\t\t\t\t\t\t\t\t<p><strong>Talleres, mesas redondas y otros<\/strong><\/p><p>2025 Cruzando miradas despu\u00e9s del solsticio.Organizado por Doctorandas IAC. En la UPV. Pa\u00eds vasco.<br \/>2024 Conversatorio Artistas Mujer Latinoamericanas. Espacio amazonas (Madrid, Espa\u00f1a)<br \/>2024 Conversatorio Maniobras de respiraci\u00f3n para transitar el desaliento Lolita Pank (CDMX, M\u00e9xico)<br \/>2023 Charla en torno a XX Bienal de fotograf\u00eda moderada por Carmen Cebrero. Centro de la imagen (CDMX, MX)<br \/>2023 Taller \u201cHaciendo antotipos de nuestras historas\u201c Arte Actual- FLACSO (Quito, Ecuador)<br \/>2022 Talleres de antotipos en \u201cRouvrir le Mode\u201d (Focalquier, Francia.)<br \/>2021 Encuentro con los artistas 2021. Fundaci\u00f3n BilbaoArte Fundazioa coordinados por el cr\u00edtico de arte Fernando Castro Fl\u00f3rez. (Bilbao, Espa\u00f1a)<br \/>2019 Mesa redonda Imago Mundis. Marca Blanca. (Madrid, Espa\u00f1a)<br \/><strong>Difusi\u00f3n y medios<\/strong><br \/><a href=\"http:\/\/lenscratch.com\/2024\/05\/photography-anthropology-georgina-ayala-esquejes-and-oro-rojo\/\">Lenscratch\/Gin Ro<\/a><br \/><a href=\"http:\/\/A cor e o M\u00e9xico: entre estere\u00f3tipos, recalques e invisibilidades\" data-wplink-url-error=\"true\">Revista Zoom \/ Acor e o M\u00e9xico: entre estereotipos <\/a><a href=\"http:\/\/A cor e o M\u00e9xico: entre estere\u00f3tipos, recalques e invisibilidades\" data-wplink-url-error=\"true\">recalques e Invisibilidades<\/a><br \/><a href=\"http:\/\/www.proceso.com.mx\/cultura\/2023\/2\/5\/gin-ro-en-el-instituto-cultural-de-mexico-en-madrid-301553.html\">Gin Ro en el Instituto Cultural de M\u00e9xico en Espa\u00f1a. Isabel Le\u00f1ero<\/a><br \/>https:\/\/www.laprovincia.es\/ocio\/agenda\/exposicion-oro-rojo-gin-ro-71976403.html<br \/>https:\/\/www.youtube.com\/watch?v=J0693XTT6Ko<br \/>https:\/\/agenda.elcorreo.com\/evento\/gin-ro-el-otro-lado-del-jardin-712893.html<br \/>https:\/\/cadenaser.com\/audio\/1646239050440\/<br \/>https:\/\/www.arteinformado.com\/agenda\/f\/el-otro-lado-del-jardin-210017<br \/>https:\/\/www.youtube.com\/watch?v=0TEe3gIdPys<br \/>https:\/\/www.lanacion.com.ar\/agencias\/bilbaoarte-presenta-la-exposicion-el-otro-lado-del-jardin-de-la-artista-gin-ronid28022022\/<br \/>https:\/\/www.kulturklik.euskadi.eus\/evento\/2022\/02\/25\/exposicion-el-otro-lado-del-jardin-\/webkklik00-detalle\/es\/<\/p>\t\t\t\t\t\t\t\t<\/div>\n\t\t\t\t<\/div>\n\t\t\t\t<\/div>\n\t\t\t\t\t<\/div>\n\t\t\t\t<\/div>\n\t\t<div class=\"elementor-element elementor-element-684b6dc e-flex e-con-boxed e-con e-parent\" data-id=\"684b6dc\" data-element_type=\"container\" data-e-type=\"container\">\n\t\t\t\t\t<div class=\"e-con-inner\">\n\t\t\t\t<div class=\"elementor-element elementor-element-521bf28 elementor-widget elementor-widget-text-editor\" data-id=\"521bf28\" data-element_type=\"widget\" data-e-type=\"widget\" data-widget_type=\"text-editor.default\">\n\t\t\t\t<div class=\"elementor-widget-container\">\n\t\t\t\t\t\t\t\t\t<h3><strong>hola@ginro.xyz<\/strong><\/h3><h4><strong>@ginro_photographer<\/strong><\/h4><h4>Estudio en 48004<\/h4>\t\t\t\t\t\t\t\t<\/div>\n\t\t\t\t<\/div>\n\t\t\t\t\t<\/div>\n\t\t\t\t<\/div>\n\t\t\t\t<\/div>\n\t\t","protected":false},"excerpt":{"rendered":"<p>Gin Ro (CDMX, 1986) \u00a0 Artista visual e investigadora. Su pr\u00e1ctica explora los procesos de transformaci\u00f3n de la identidad atravesados por contextos sociales, econ\u00f3micos e hist\u00f3ricos, con una mirada cr\u00edtica desde el pensamiento feminista decolonial. A trav\u00e9s de la imagen entrelazando desde la experimentaci\u00f3n con t\u00e9cnicas manuales y materiales org\u00e1nicos, construye relatos visuales que interrogan [&hellip;]<\/p>\n","protected":false},"author":1,"featured_media":0,"parent":0,"menu_order":0,"comment_status":"closed","ping_status":"closed","template":"","meta":{"footnotes":""},"class_list":["post-137","page","type-page","status-publish","hentry"],"_links":{"self":[{"href":"https:\/\/ginro.xyz\/index.php\/wp-json\/wp\/v2\/pages\/137","targetHints":{"allow":["GET"]}}],"collection":[{"href":"https:\/\/ginro.xyz\/index.php\/wp-json\/wp\/v2\/pages"}],"about":[{"href":"https:\/\/ginro.xyz\/index.php\/wp-json\/wp\/v2\/types\/page"}],"author":[{"embeddable":true,"href":"https:\/\/ginro.xyz\/index.php\/wp-json\/wp\/v2\/users\/1"}],"replies":[{"embeddable":true,"href":"https:\/\/ginro.xyz\/index.php\/wp-json\/wp\/v2\/comments?post=137"}],"version-history":[{"count":215,"href":"https:\/\/ginro.xyz\/index.php\/wp-json\/wp\/v2\/pages\/137\/revisions"}],"predecessor-version":[{"id":1185,"href":"https:\/\/ginro.xyz\/index.php\/wp-json\/wp\/v2\/pages\/137\/revisions\/1185"}],"wp:attachment":[{"href":"https:\/\/ginro.xyz\/index.php\/wp-json\/wp\/v2\/media?parent=137"}],"curies":[{"name":"wp","href":"https:\/\/api.w.org\/{rel}","templated":true}]}}